 of -11 - -15 - (9 - (-3 - -12))?
4
Evaluate 63 - 72 - (-3 - (-13 + 1)).
-18
What is the value of 6 + (-4 - (7 - -3)) + -8?
-16
(2 - 1) + -7 + -9
-15
What is 2 + (-2 - (-21 + 24 - (1 - -14)))?
12
What is 2 - (-2 + 0) - -3 - 3?
4
What is the value of -10 + 3 - -9 - -5 - -1?
8
What is (-4 - (-6 - -6)) + 0 + -4 + 0?
-8
Evaluate -6 + 3 + 2 + 1 + 3 + -2.
1
What is the value of 2122 + -2077 + (-29 - 1)?
15
What is the value of -62 + 23 + 24 - -23?
8
What is the value of 3 + 7 + -5 + 6 + -3 - 7?
1
What is 1 + -17 + (17 - (-44 - -31))?
14
What is the value of 3 + -10 - -2 - (-8 - -4)?
-1
What is (-2 - (-1 + -7)) + 0 - (-169 + 167)?
8
-16 + -2 - (-14 + 1)
-5
Evaluate 81 + -71 - (5 + 0).
5
Evaluate -2 + -21 - (23 - 65).
19
What is the value of 10 - (-14 - (-12 + 0))?
12
Calculate (7 - 7) + (-2 - -11) - (-4 - -6).
7
Evaluate (-4 - -5) + 7 - (4 - 13 - -3).
14
Calculate -6 - (5 + -14) - (-4 - (-7 - -5)).
5
Evaluate -7 + (6 - -3) + 8 - 8.
2
(25 - 11) + -35 + 7
-14
What is the value of -4 - 10 - (-10 - 0) - -2?
-2
-6 + -20 + 3 - -1 - -1
-21
What is 8 + 3 + -20 + -1 + 12?
2
What is the value of (-1 - (-8 - 1 - -1)) + -3?
4
Calculate 5 + -3 + -8 + 5 + 21 + -18.
2
86 - 97 - ((13 - 6) + -20)
2
What is the value of (2 - 7) + -2 + 4?
-3
Calculate -10 + -1 + (-8 - -26).
7
What is 2 + 11 - (-5 + (-4 - -5) - -5)?
12
Evaluate 36 + -21 + 11 + -11.
15
Calculate -16 + 42 + 20 + -33.
13
-1 + 48 - (-4 - (35 + -55))
31
-8 - (-2 - 12) - (23 - (3 - 2))
-16
What is 4 + (-9 - (14 + (-4 - -2 - 7)))?
-10
Evaluate (24 - (-17 - -31)) + -3 + 20.
27
Evaluate (5 - (-2 + 1)) + (-890 - -893).
9
What is 543 + -568 + (-2 - -16)?
-11
What is -20 - 0 - (-385 + 350)?
15
Evaluate -12 + (-6 - (-13 + -18)).
13
-11 - (-477 + 459 - (-13 - 0))
-6
What is -40 + (17 - (-62 - -46))?
-7
What is the value of 4 + 12 + (-8 - 19)?
-11
What is the value of (-8 - (-1 - 4) - (26 + -34)) + -9?
-4
Calculate -8 - ((14 - 16) + 9 + 0).
-15
What is (7 - -7) + -6 - 2 - (-7 + 8)?
5
What is the value of 0 + 9 + -9 + -15 - 3?
-18
(-28 + 18 - -3) + 15
8
What is 51 + -19 - 38 - (-32 - (2 + -3))?
25
What is the value of -1 - 2 - (171 + -181)?
7
What is the value of (14 - 25) + 32 - (-4 - (-3 - -1))?
23
What is (12 - -1 - 34) + (15 - 24)?
-30
Calculate -4 + (1 - (-9 + -2) - (29 - 22)).
1
Evaluate -25 + (24 - 15 - 17) - -4.
-29
14 + (10 - 24) + 13
13
Calculate (-3 - (-4 + -10)) + -20.
-9
Calculate 2 + (8 - -1) + -6.
5
Evaluate -10 + 27 - (-29 - -25).
21
-4 + 24 + -8 + -16
-4
Calculate 15 + -4 + -2 + 14 + -16.
7
Evaluate 9 - (3 - (-14 - -16)).
8
What is the value of -16 + (22 - 11 - (2 - 3))?
-4
What is 9 - 26 - -5 - 20?
-32
Evaluate 4 + -22 - -29 - (4 - -24).
-17
What is the value of 22 - (18 - -21 - -5)?
-22
What is -17 - (-30 + -1 + 17)?
-3
What is the value of (-12 + 0 - (4 - 7)) + -1 + -1?
-11
3 + -1 + 1 - (19 + (7 - 16))
-7
What is -4 - (-15 - -25) - -27?
13
Calculate -15 + 27 - (-2 + 35).
-21
Calculate (16 - (7 - -15)) + (0 - 4).
-10
Calculate 3 + 17 - (1 - (-16 + 9)).
12
What is -38 - -36 - (-16 + 5)?
9
What is the value of -1 + -2 - (4 + 0 + (0 - -1))?
-8
3 - 13 - (0 - 17)
7
What is the value of -42 - 0 - (743 - 767)?
-18
Evaluate -1 - (-5 - -4 - (-19 + 9 + 5)).
-5
What is the value of (6 - -8 - (13 + 3)) + 4 + 7?
9
What is the value of -23 - (-24 + 31 + 1)?
-31
Calculate 31 + (-17 - -3) - 13.
4
Evaluate (19 - (38 + -36)) + -30.
-13
What is the value of 0 + 6 + (11 - (-27 - -34))?
10
24 + -57 + 6 - (-1 + 7 + -4)
-29
What is the value of 14 + -16 + 6 + -6?
-2
4 - 8 - (9 + (2 - 11))
-4
-8 + 8 - (-4 + 0 + -9 + 24)
-11
What is the value of (10 - 1) + (-1 - 2 - (43 + -44))?
7
What is the value of -10 + (-2 - -6) + (9 - (-2 - 1))?
6
Evaluate (-11 + 8 - (-1 + -5)) + -4.
-1
What is the value of 0 + (-2 - (3 + -2 + -5)) + -1?
1
Calculate 1 + 1 + (-15 - -17) - 6.
-2
Evaluate -2 - (-20 + 2 + 16).
0
What is -1 + -3 + (5 + -5 - -4) + 20?
20
Calculate (-1 + 6 + (2 - 5) - -4) + -9.
-3
Calculate (4 + 0 - 0) + (-18 - (-8 + -8)).
2
Evaluate (1 - -6) + (-2 - (14 - 0)).
-9
(-28 - (-55 + 12)) + -3
12
Evaluate -2 + 9 + -2 - 0.
5
Calculate -3 + -7 + (-12 - -33) - 17.
-6
What is the value of (35 - 13) + (2 - (1 + (-2 - -7)))?
18
Evaluate 3 - (21 - 30) - 22.
-10
Calculate -14 - ((10 - -2) + -18) - 1.
-9
(-8 + 0 - -7) + -2
-3
-7 + 4 - (-53 + -5 + 27)
28
Evaluate -1 + 11 + 4 + -1 - 8.
5
What is the value of 7 + -21 - 11 - -4?
-21
What is -15 + (42 - 14 - -2) - 36?
-21
What is -6 + 7 + (35 - 19) - 23?
-6
Evaluate 24 + -22 + 0 + -8 - (-1 - -6).
-11
What is (-9 + 3 - -8) + 4 + 8?
14
Calculate -33 + -45 + -3 + 47.
-34
Evaluate (-6 - 0) + -2 + 18 + -6.
4
What is -2 + -1 + (10 + (-1 - 7) - -12)?
11
Evaluate (-1 + 16 - 10) + -24.
-19
Calculate (7 - 4 - (-2 + 5 + -3)) + 8.
11
What is the value of 12 + 10 + (10 - 6) + 0?
26
Calculate -14 - 1 - 2 - (-23 - -17) - -5.
-6
1 + 3 + -13 + -14 + 6
-17
What is the value of -397 + 369 + (2 - (1 - -1))?
-28
Calculate -2 - (-36 - (13 - 40)).
7
Evaluate -4 + (1 - (15 + -12 - 8)).
2
What is the value of -25 - 3 - -14 - -8?
-6
(-27 + -4 - (-6 + -9)) + 7
-9
-4 + -1 + 29 + -10 + (-3 - -3)
14
What is the value of 46 + -29 + -22 - (0 - (1 + -2))?
-6
0 + 6 - (-2 - -6 - 1)
3
What is the value of 5 + -10 + (4 - -3) - -11?
13
Evaluate 3 + -2 + 1 + (10 - 0 - 4).
8
Evaluate 11 - (-7 - -1) - 6 - (4 - 1).
8
Calculate (12 - (15 - 11)) + -12.
-4
(-100 + 93 - 2) + (-11 - (1 + 1))
-22
What is 1 + 0 + (-7 - (-16 + 11))?
-1
What is the value of (2 - 5 - 2 - -9) + -6 + 0?
-2
Calculate -10 - (-16 - -9 - -20).
-23
What is -19 - (-17 - (-11 + 11) - -7)?
-9
-21 + 6 + -21 + 16 - (1 - 8)
-13
Calculate 14 + (-10 - 14 - -3).
-7
Calculate 32 - 25 - 4 - -3.
6
Calculate 5 + 6 - (-7 + -1 + (-38 - -42)).
15
Evaluate (4 - 7 - 7 - 11) + 8.
-13
Calculate 27 + -62 + 15 + 24.
4
-3 - 0 - (-105 - (-211 + 89))
-20
What is 0 + 0 - (4 + 2)?
-6
What is 0 + (28 + -23 - (-1 + 14)) + 11?
3
Evaluate -15 - -37 - (5 - -11) - 5.
1
Calculate (-902 - -891) + -3 + 3 + (-4 - 3).
-18
What is the value of 0 + 0 - 4 - (137 - 144)?
3
What is -3 - 2 - (25 + -4 + -14)?
-12
(-53 - -27 - -18) + 2 + 5 + -3
-4
What is (26 - (26 - 4) - (-33 + 1)) + -1?
35
What is 281 + -310 - (4 - 40)?
7
-1295 - -1284 - (1 + 2)
-14
What is the value of -94 + 106 + 2 + -3 + 0 + -8?
3
(0 - -13) + (-253 - -264)
24
-12 + -1 + -7 + (0 - -8)
-12
What is the value of 98 - 89 - (25 + -1 - 0)?
-15
What is the value of 10 - (18 + (-60 - -32))?
20
Evaluate (-5 - -11) + (-26 + 20 - 20).
-20
What is the value of -13 - (-37 - -17) - (19 + 1)?
-13
Calculate -15 + 4 + 8 + (-15 - -11).
-7
What is (14 - (-5 - -10)) + -4 - (1 - -25)?
-21
Evaluate 2 + -21 + (-23 - (17 - 42)).
-17
Calculate 11 - (3 - (37 + -25)).
20
Evaluate -11 + 13 - (0 - 3) - 4.
1
What is (0 - 0 - (-16 + (5 - -14))) + -1?
-4
82 + -35 - (0 + 47)
0
(-35 - -16) + 21 + -13
-11
Calculate -1 - (-1 + 26 - 11).
-15
(-4 - (3 + -14)) + 6
13
Evaluate -25 + 2 + (-22 - -36).
-9
-9 + (1 - (5 + -13)) - (-12 + -1)
13
What is the value of 33 - 1 - (53 + -29)?
8
Evaluate (6 - (6 - -6)) + 8 - 4 - 1.
-3
What is 8 + -10 + 3 + -7 + 2 + 1?
-3
Calculate 5 - ((15 - -5) + (-44 - -9)).
20
What is 1 - (10 + 2 + -8)?
-3
What is -304 + 315 - (0 - -30)?
-19
Evaluate -21 + 15 + 13 + -11 - (1 + -44).
39
Calculate -3 - (-21 - (9 + -17)).
10
What is the value of 20 - (-1 - -2) - (-1557 - -1547)?
29
What is -34 + (6 - 10) + (6 - 7 - -3)?
-36
Calculate 0 - (3 - (13 + -16)).
-6
Calculate -23 - (15 + -7 + -1 + -9 - -1).
-22
Calculate 1 - 5 - (-36 + 15 + 12).
5
1 + -2 + (3 - 13 - -8 - -8)
5
17 - (-2 - -27) - (0 + -3 - -2)
-7
What is (73 - 36 - 42) + -12?
-17
What is 18 + -14 - (-1 + 3) - (4 - 6)?
4
-8 + -7 + 17 + 4
6
Calculate 6 - 6 - (-1 - (7 - (44 + -6))).
-30
-16 - -12 - -13 - (1 + -3 + 1)
10
-3 + (-8 - (0 - 0)) + 16
5
What is (-3 - (-13 - -8)) + 3 + -3 + 15?
17
-14 + (19 - (17 - 1) - (1 + 3))
-15
What is 0 - (11 - (2 + 11) - 10)?
12
Calculate -3 + 0 + (-1 - -7 - (-3 + 8)).
-2
What is (-2 - -6) + -15 + 3 + 10?
2
Evaluate -403 - -401 - (0 + -17 - -2 - -1).
12
What is 20 + 20 + -25 - (-1 - -11)?
5
What is the value of 0 + 9 - (-31 + 43)?
-3
Evaluate (1 - (-4 - -4)) + 3 + -3 - 1.
0
Calculate 2 - (-17 + 4) - (15 + -11).
11
Calculate -4 + 0 - ((-44 - -16) + 7).
17
Evaluate 1 - (5 + -6 - (-4 + 6 - 3)).
1
Calculate 19 - (23 - 23) - (2 - -11).
6
What is 6 - -1 - 15 - (0 - 18)?
10
352 +